NOAA-Style Climate Reports

Select a Year or Month report
2018: Jan Feb Mar Apr May Jun Jul Aug Sep Oct Nov Dec
2017: Jan Feb Mar Apr May Jun Jul Aug Sep Oct Nov Dec
2016: Jan Feb Mar Apr May Jun Jul Aug Sep Oct Nov Dec

Report for 2018 February
                   Monthly Climatological Summary for Feb 2018

Name: Weather South Central Topeka   City: Topeka   State: KS
Elevation: 278 m  Lat: N 39° 01' 34"   Lon: W 095° 42' 31"

                  Temperature (°F), Rain (in), Wind Speed (mph)

                                      Heat  Cool        Avg
    Mean                              Deg   Deg         Wind                 Dom
Day Temp  High   Time   Low    Time   Days  Days  Rain  Speed High   Time    Dir
----------------------------------------------------------------------------------
 1  28.0  42.7   02:36  15.8   23:47  37.0   0.0  0.00   2.8  20.0   05:02   NNE
 2  24.6  37.0   16:15   9.8   06:56  40.2   0.0  0.00   1.2  13.0   15:41     S
 3  40.5  51.0   15:48  31.4   23:34  24.5   0.0  0.00   2.2  17.0   15:49    SW
 4  16.8  36.5   00:41   0.3   23:40  48.2   0.0  0.00   2.4  21.0   07:34     N
 5  13.0  24.3   16:24  -0.1   01:28  52.0   0.0  0.00   0.8   9.0   22:36     E
 6  14.7  18.8   14:30  11.9   07:24  50.3   0.0  0.00   1.7  11.0   04:55   NNE
 7  19.7  31.3   15:15   7.9   06:21  45.3   0.0  0.00   0.5   8.0   10:43     N
 8  36.4  56.6   16:22  19.2   01:22  28.5   0.0  0.03   0.9  11.0   13:44   SSW
 9  28.2  46.4   01:03  15.7   23:59  36.8   0.0  0.00   3.8  19.0   14:28   NNE
10  15.5  22.0   15:36  10.1   08:03  49.5   0.0  0.00   3.7  17.0   01:50   NNE
11  21.0  34.5   16:29  12.3   07:30  43.8   0.0  0.00   1.1  11.0   00:10    NW
12  24.5  37.1   15:39   9.6   06:59  40.2   0.0  0.00   1.5  13.0   13:46     E
13  37.8  51.1   16:04  28.0   04:07  27.2   0.0  0.00   1.8  15.0   12:28   SSE
14  49.4  64.6   16:07  35.5   00:29  15.6   0.0  0.00   1.6  12.0   09:25    SW
15  55.0  62.9   10:04  35.4   23:59  10.0   0.0  0.00   2.6  22.0   22:09    NW
16  29.6  37.3   16:05  20.3   08:44  35.4   0.0  0.00   1.9  18.0   03:12     N
17  39.5  55.5   15:04  27.1   23:42  25.5   0.0  0.00   0.9  14.0   09:40     W
18  46.2  56.6   15:37  26.7   00:38  18.8   0.0  0.00   0.8  20.0   10:02     S
19  40.5  64.1   07:24  27.4   23:57  24.5   0.0  0.00   0.0  10.0   04:25    SW
20  24.5  28.2   03:55  18.3   23:56  40.3   0.0  0.02   0.0  11.0   21:32     N
21  20.8  27.1   19:46  13.2   06:24  44.2   0.0  0.00   2.2  12.0   02:36   NNE
22  29.7  32.5   17:31  26.1   00:57  35.3   0.0  0.00   0.0   2.0   13:33   ---
23  33.3  35.3   14:10  31.7   07:52  31.7   0.0  0.14   0.0   1.0   09:45   ---
24  34.0  37.5   12:31  28.5   22:07  29.6   0.0  0.36   0.0   2.0   14:00   ---
25  34.9  51.4   14:20  20.0   07:23  30.1   0.0  0.02   0.0   6.0   10:19   WSW
26  42.7  62.5   16:02  21.5   06:23  22.2   0.0  0.00   1.1  13.0   14:44     S
27  53.1  70.0   14:25  31.9   02:07  12.5   0.6  0.00   0.7  16.0   08:55     S
28  52.3  62.1   15:20  41.9   23:59  12.6   0.0  0.03   0.2  13.0   18:15   NNE
----------------------------------------------------------------------------------
    32.4  70.0    27    -0.1     5   911.8   0.6  0.60   1.3  22.0    15     NNE

Max >=  80.0:  0
Max <=  32.0:  6
Min <=  32.0: 25
Min <=   0.0:  1
Max Rain: 0.36 on day 24
Days of Rain: 6 (>= 0.01 in)  2 (>= 0.10 in)  0 (>= 1.00 in)
Heat Base: 65.0  Cool Base: 65.0  Method: Integration