NOAA-Style Climate Reports

Select a Year or Month report
2018: Jan Feb Mar Apr May Jun Jul Aug Sep Oct Nov Dec
2017: Jan Feb Mar Apr May Jun Jul Aug Sep Oct Nov Dec
2016: Jan Feb Mar Apr May Jun Jul Aug Sep Oct Nov Dec

Report for 2018 January
                   Monthly Climatological Summary for Jan 2018

Name: Weather South Central Topeka   City: Topeka   State: KS
Elevation: 278 m  Lat: N 39° 01' 34"   Lon: W 095° 42' 31"

                  Temperature (°F), Rain (in), Wind Speed (mph)

                                      Heat  Cool        Avg
    Mean                              Deg   Deg         Wind                 Dom
Day Temp  High   Time   Low    Time   Days  Days  Rain  Speed High   Time    Dir
----------------------------------------------------------------------------------
 1   0.9  11.4   15:55  -8.7   07:58  64.1   0.0  0.00   0.3   7.0   13:03   NNE
 2  11.3  24.6   15:52  -3.5   06:36  53.7   0.0  0.00   1.0  11.0   15:20    SW
 3  21.3  27.1   14:39  13.6   23:58  43.7   0.0  0.00   1.4  17.0   09:06   NNW
 4  17.8  30.9   15:29   5.0   07:55  47.1   0.0  0.00   0.4   7.0   15:03    SE
 5  20.2  29.5   14:35  12.6   04:06  44.8   0.0  0.00   1.4  11.0   13:11    NE
 6  22.3  32.8   14:54  10.7   07:41  42.7   0.0  0.00   1.3   9.0   10:08   ESE
 7  37.5  40.7   07:40  31.3   00:00  27.5   0.0  0.02   1.2  12.0   04:37   SSE
 8  36.8  53.2   15:42  27.0   08:13  28.2   0.0  0.00   0.3   7.0   05:15     W
 9  39.2  50.4   16:01  33.6   01:51  25.8   0.0  0.00   1.5  13.0   11:44    SE
10  47.3  55.1   13:55  38.4   00:32  17.7   0.0  0.00   3.2  16.0   16:11     S
11  24.3  49.7   00:17  11.4   23:50  40.6   0.0  0.56   2.3  21.0   07:17   NNW
12  11.9  19.1   14:47   5.2   07:35  53.1   0.0  0.00   1.7  12.0   09:06     N
13  16.3  20.0   14:20  12.0   05:50  48.7   0.0  0.00   1.2  12.0   01:15    NE
14  26.0  35.0   15:22  17.5   01:55  38.9   0.0  0.00   0.9  10.0   12:47     S
15  14.6  34.8   00:00   1.6   23:58  48.8   0.0  0.00   2.3  22.0   08:58     N
16   3.8  13.7   15:55  -2.6   07:49  59.2   0.0  0.00   0.6   9.0   09:44    NW
17  12.8  27.9   15:00  -3.1   05:55  52.2   0.0  0.00   0.7   8.0   12:32   SSW
18  30.6  45.2   15:17  14.6   07:17  34.3   0.0  0.07   1.2  12.0   12:17   SSW
19  39.7  50.7   15:26  29.6   07:58  25.3   0.0  0.04   1.6  11.0   12:22   SSW
20  43.6  52.6   16:41  31.1   23:55  21.4   0.0  0.00   0.5   9.0   00:17     S
21  50.7  63.5   15:52  30.2   01:17  14.3   0.0  0.00   1.0  14.0   15:57   SSW
22  34.2  43.9   00:00  29.3   20:49  30.9   0.0  0.08   2.6  18.0   18:10     W
23  28.5  35.6   15:39  22.8   22:43  36.5   0.0  0.00   1.3  14.0   00:05   WNW
24  37.1  53.1   15:52  24.6   00:28  27.9   0.0  0.04   0.9  10.0   14:21   WSW
25  47.9  66.7   14:50  28.9   07:35  17.2   0.1  0.00   2.1  14.0   12:40   SSW
26  51.3  60.5   15:15  36.2   23:40  13.7   0.0  0.00   3.5  23.0   09:59   SSW
27  38.6  56.9   14:49  24.4   07:54  26.4   0.0  0.00   0.6  12.0   14:13     W
28  28.9  38.1   14:29  20.6   06:55  36.1   0.0  0.00   1.9  16.0   21:38   NNE
29  21.2  32.1   16:10  12.5   07:34  43.8   0.0  0.00   0.9  10.0   00:00     N
30  36.9  50.7   15:32  21.2   00:00  28.1   0.0  0.00   2.3  17.0   11:14     S
31  42.8  50.4   16:26  29.2   08:01  22.2   0.0  0.00   1.6  14.0   18:46   NNE
----------------------------------------------------------------------------------
    28.9  66.7    25    -8.7     1  1114.9   0.1  0.81   1.4  23.0    26      SW

Max >=  80.0:  0
Max <=  32.0:  9
Min <=  32.0: 28
Min <=   0.0:  4
Max Rain: 0.56 on day 11
Days of Rain: 6 (>= 0.01 in)  1 (>= 0.10 in)  0 (>= 1.00 in)
Heat Base: 65.0  Cool Base: 65.0  Method: Integration