NOAA-Style Climate Reports

Select a Year or Month report
2018: Jan Feb Mar Apr May Jun Jul Aug Sep Oct Nov Dec
2017: Jan Feb Mar Apr May Jun Jul Aug Sep Oct Nov Dec
2016: Jan Feb Mar Apr May Jun Jul Aug Sep Oct Nov Dec

Report for 2017 December
                   Monthly Climatological Summary for Dec 2017

Name: Weather South Central Topeka   City: Topeka   State: KS
Elevation: 278 m  Lat: N 39° 01' 34"   Lon: W 095° 42' 31"

                  Temperature (°F), Rain (in), Wind Speed (mph)

                                      Heat  Cool        Avg
    Mean                              Deg   Deg         Wind                 Dom
Day Temp  High   Time   Low    Time   Days  Days  Rain  Speed High   Time    Dir
----------------------------------------------------------------------------------
 1  41.7  60.0   15:32  24.8   06:32  23.3   0.0  0.00   0.4  10.0   11:52     S
 2  42.6  62.4   15:24  29.0   06:43  22.3   0.0  0.00   0.2   5.0   11:27     N
 3  50.8  69.5   15:16  31.8   07:14  13.7   0.4  0.00   0.0   5.0   11:58   NNE
 4  57.0  69.8   11:15  31.2   23:56   8.5   0.5  0.00   0.9  25.0   17:26   WNW
 5  36.4  48.2   15:13  26.3   08:01  28.5   0.0  0.00   2.5  18.0   14:43     W
 6  37.7  48.1   14:30  23.9   23:58  26.8   0.0  0.00   2.4  20.0   18:49   WNW
 7  21.8  30.3   15:25  13.6   23:26  43.2   0.0  0.00   1.1  11.0   01:19   WNW
 8  29.1  43.5   13:55  14.9   00:34  35.8   0.0  0.00   0.9  10.0   12:59     W
 9  32.7  43.3   15:19  24.6   22:35  32.3   0.0  0.00   1.1  16.0   09:27    NW
10  41.8  59.6   15:52  26.0   00:00  23.2   0.0  0.00   1.3  11.0   12:14     W
11  42.6  57.2   12:10  26.5   03:08  22.4   0.0  0.00   2.7  21.0   13:13    NW
12  33.3  44.8   15:41  21.0   07:45  31.7   0.0  0.00   0.9  13.0   00:26    NW
13  46.4  60.7   12:52  31.4   06:37  18.6   0.0  0.00   2.2  23.0   12:15   WNW
14  39.4  46.0   14:53  34.0   01:40  25.6   0.0  0.00   0.8  12.0   15:03    NW
15  40.1  49.3   16:03  30.1   08:09  24.9   0.0  0.00   2.0  12.0   13:48   WSW
16  46.1  61.9   15:21  39.3   20:58  18.9   0.0  0.00   1.9   9.0   10:18    SW
17  46.0  51.1   13:39  42.6   00:00  19.0   0.0  0.41   0.7   8.0   22:00    SW
18  42.8  55.8   15:43  29.1   07:11  20.1   0.0  0.00   1.1  12.0   11:56   WSW
19  41.2  47.1   16:03  33.6   05:46  23.6   0.0  0.00   0.7  10.0   14:29   NNE
20  40.0  43.3   23:56  35.9   07:46  25.0   0.0  0.00   1.5  10.0   03:45     E
21  43.6  53.0   14:41  30.6   23:58  20.8   0.0  0.00   1.8  14.0   20:02   NNE
22  28.5  32.9   15:09  24.5   23:54  36.5   0.0  0.00   1.4  10.0   13:06     N
23  23.9  28.6   14:26  17.9   07:16  41.1   0.0  0.00   1.3  11.0   09:48   NNE
24  21.9  26.9   14:28  17.3   08:22  43.1   0.0  0.00   1.5  13.0   14:44   WNW
25  20.9  26.9   13:33  14.4   23:57  44.1   0.0  0.00   1.8  15.0   18:04    NE
26   9.7  14.5   00:06   6.0   23:58  55.4   0.0  0.00   3.0  16.0   03:07   NNE
27   9.3  16.3   14:00  -0.4   07:03  55.7   0.0  0.00   1.2  11.0   14:03   ESE
28  21.6  31.3   15:44  15.4   00:00  43.4   0.0  0.00   0.7   7.0   00:28    SE
29  23.5  34.8   15:11  12.6   06:58  41.5   0.0  0.00   0.7  16.0   21:13   NNE
30   9.9  18.5   00:00   5.6   23:58  55.1   0.0  0.00   3.2  16.0   00:03   NNE
31   3.5   8.7   14:29  -4.1   23:54  61.5   0.0  0.00   2.6  16.0   10:54   NNE
----------------------------------------------------------------------------------
    33.1  69.8     4    -4.1    31   985.6   0.9  0.41   1.4  25.0     4     NNW

Max >=  80.0:  0
Max <=  32.0:  9
Min <=  32.0: 26
Min <=   0.0:  2
Max Rain: 0.41 on day 17
Days of Rain: 1 (>= 0.01 in)  1 (>= 0.10 in)  0 (>= 1.00 in)
Heat Base: 65.0  Cool Base: 65.0  Method: Integration