NOAA-Style Climate Reports

Select a Year or Month report
2017: Jan Feb Mar Apr May Jun Jul Aug Sep Oct Nov Dec
2016: Jan Feb Mar Apr May Jun Jul Aug Sep Oct Nov Dec

Report for 2017 November
                   Monthly Climatological Summary for Nov 2017

Name: Weather South Central Topeka   City: Topeka   State: KS
Elevation: 278 m  Lat: N 39° 01' 34"   Lon: W 095° 42' 31"

                  Temperature (°F), Rain (in), Wind Speed (mph)

                                      Heat  Cool        Avg
    Mean                              Deg   Deg         Wind                 Dom
Day Temp  High   Time   Low    Time   Days  Days  Rain  Speed High   Time    Dir
----------------------------------------------------------------------------------
 1  40.8  52.1   16:35  30.1   03:17  24.2   0.0  0.09   0.3   8.0   12:35   SSW
 2  51.0  54.7   17:40  45.5   23:59  14.0   0.0  0.01   1.7  15.0   13:26   ENE
 3  43.7  49.2   15:11  36.1   08:04  21.3   0.0  0.00   1.5  13.0   09:28     E
 4  46.8  52.5   16:39  42.5   08:04  18.2   0.0  0.00   0.1   4.0   03:10   SSW
 5  48.0  54.1   12:56  37.6   23:56  17.6   0.0  0.00   1.7  18.0   13:07   ENE
 6  38.5  45.6   15:37  31.4   07:09  26.5   0.0  0.00   1.7  13.0   08:51   ENE
 7  38.6  45.9   12:59  26.8   23:59  25.0   0.0  0.00   2.1  13.0   11:39   ENE
 8  34.7  51.4   14:36  22.2   06:53  30.3   0.0  0.00   0.3   5.0   10:58     E
 9  34.9  46.5   14:09  25.8   07:05  29.8   0.0  0.00   1.6  14.0   11:59   ENE
10  33.1  41.2   15:59  26.0   03:54  31.7   0.0  0.00   1.4   9.0   00:11   ESE
11  44.4  50.0   11:21  37.3   00:24  20.0   0.0  0.14   1.1  12.0   10:51   SSE
12  43.6  49.4   15:30  31.4   23:23  21.1   0.0  0.00   0.3   9.0   09:43   NNE
13  45.3  50.9   16:27  33.3   00:00  19.5   0.0  0.00   0.3   5.0   10:35   SSE
14  54.0  57.7   13:52  49.2   00:54   9.3   0.0  0.00   0.7   7.0   12:46   SSE
15  50.5  58.9   14:27  35.1   22:35  14.5   0.0  0.05   1.1  18.0   04:44   NNW
16  43.5  56.4   15:21  27.0   07:21  21.4   0.0  0.00   1.3  11.0   13:51   ESE
17  60.1  74.2   15:08  52.1   00:00   6.3   1.4  0.00   1.2  10.0   08:56     S
18  47.5  57.0   02:20  33.5   23:52  17.5   0.0  0.01   2.8  23.0   05:41     N
19  40.7  57.7   15:40  24.4   07:28  24.3   0.0  0.00   0.7  10.0   14:36    SW
20  52.4  64.5   14:36  40.8   07:16  12.6   0.0  0.00   1.3  18.0   12:23    SW
21  42.2  54.0   00:15  25.5   23:58  22.8   0.0  0.00   2.4  21.0   11:36   NNE
22  31.2  44.6   15:35  16.9   07:04  33.7   0.0  0.00   0.6   8.0   13:21   SSW
23  48.5  69.3   15:24  29.8   06:39  16.9   0.4  0.00   0.3   6.0   00:13   WSW
24  60.2  78.6   14:44  48.1   05:08   7.2   2.4  0.00   0.2  14.0   21:37     N
25  46.2  61.9   15:07  31.7   07:44  18.7   0.0  0.00   0.0   8.0   00:11   NNE
26  49.3  68.2   14:40  33.7   02:33  16.0   0.3  0.00   0.0   8.0   10:52    SW
27  56.4  70.8   15:05  42.7   00:49   9.3   0.7  0.00   0.9  15.0   14:53     S
28  55.5  59.5   00:00  48.7   23:58   9.5   0.0  0.00   0.2  12.0   22:36    NE
29  47.5  55.4   16:41  41.2   23:56  15.9   0.0  0.00   0.5  11.0   11:19   ENE
30  43.0  58.2   14:18  28.8   23:36  21.9   0.0  0.00   0.4  11.0   12:15   NNW
----------------------------------------------------------------------------------
    45.7  78.6    24    16.9    22   577.0   5.2  0.30   1.0  23.0    18     ENE

Max >=  80.0:  0
Max <=  32.0:  0
Min <=  32.0: 14
Min <=   0.0:  0
Max Rain: 0.14 on day 11
Days of Rain: 5 (>= 0.01 in)  1 (>= 0.10 in)  0 (>= 1.00 in)
Heat Base: 65.0  Cool Base: 65.0  Method: Integration