NOAA-Style Climate Reports

Select a Year or Month report
2017: Jan Feb Mar Apr May Jun Jul Aug Sep Oct Nov Dec
2016: Jan Feb Mar Apr May Jun Jul Aug Sep Oct Nov Dec

Report for 2017 October
                   Monthly Climatological Summary for Oct 2017

Name: Weather South Central Topeka   City: Topeka   State: KS
Elevation: 278 m  Lat: N 39° 01' 34"   Lon: W 095° 42' 31"

                  Temperature (°F), Rain (in), Wind Speed (mph)

                                      Heat  Cool        Avg
    Mean                              Deg   Deg         Wind                 Dom
Day Temp  High   Time   Low    Time   Days  Days  Rain  Speed High   Time    Dir
----------------------------------------------------------------------------------
 1  70.0  79.9   15:37  61.7   02:30   0.6   5.6  0.00   0.2   8.0   09:34    SE
 2  75.1  86.1   15:54  63.4   02:11   0.1  10.1  0.00   0.5   9.0   10:34    SE
 3  74.3  83.6   16:00  64.0   23:30   0.1   9.3  0.00   1.0  13.0   10:51   ESE
 4  61.9  64.2   00:26  60.3   20:25   3.1   0.0  0.20   1.2  11.0   06:51   NNE
 5  69.5  78.6   17:33  60.8   00:00   0.8   5.3  0.00   0.1   4.0   13:12    NE
 6  73.0  80.4   17:01  68.0   07:24   0.0   8.0  0.82   0.0   3.0   11:41   ---
 7  64.9  76.7   17:39  53.3   23:58   2.8   2.7  0.29   0.5  13.0   12:42   WSW
 8  63.1  80.3   14:42  50.1   05:10   6.4   4.5  0.00   0.0   6.0   11:26   SSW
 9  59.9  71.8   15:11  50.0   03:41   6.2   1.1  0.01   1.0  18.0   23:20   NNE
10  46.8  50.8   00:33  43.9   12:41  18.2   0.0  0.00   1.9  17.0   03:20   NNE
11  53.0  66.9   17:31  43.4   08:28  12.1   0.1  0.01   0.3   7.0   13:55    NE
12  57.3  75.4   17:27  43.7   04:14   9.4   1.6  0.00   0.8   9.0   13:59    SE
13  70.2  86.4   17:29  59.8   07:56   1.4   6.6  0.00   0.5  10.0   11:48   WNW
14  65.1  76.3   11:40  54.7   23:59   2.3   2.4  1.15   0.8  17.0   22:29   WNW
15  50.7  61.1   15:59  40.3   23:58  14.3   0.0  0.00   1.3  20.0   02:20    NW
16  51.3  70.9   15:41  34.8   07:44  14.8   1.1  0.00   0.2   8.0   14:16   SSW
17  59.7  74.5   16:21  47.1   07:54   7.4   2.1  0.00   0.2   9.0   10:45   SSW
18  61.0  77.6   16:15  51.5   23:56   6.3   2.4  0.00   0.3   9.0   11:37   SSW
19  61.5  80.6   16:07  44.0   07:49   7.4   4.0  0.00   0.2   7.0   15:24     S
20  66.4  77.1   15:48  57.5   07:51   2.5   3.9  0.00   1.4  15.0   14:58   SSE
21  65.9  75.4   15:40  51.8   23:57   2.3   3.1  1.25   2.0  14.0   11:15     S
22  52.9  66.9   15:43  43.9   08:20  12.3   0.2  0.09   0.3   8.0   14:17     W
23  54.8  67.4   13:20  41.4   07:46  10.5   0.3  0.00   1.5  22.0   14:45    NW
24  50.9  57.2   15:34  39.3   23:58  13.8   0.0  0.01   2.5  22.0   10:51   WNW
25  51.4  72.1   16:15  36.1   03:01  14.5   1.0  0.00   0.4   7.0   12:56     W
26  55.4  70.1   14:19  43.9   23:59  10.3   0.7  0.00   2.3  20.0   14:27   NNE
27  39.0  45.0   15:27  31.1   23:40  26.0   0.0  0.00   1.9  19.0   01:41    NW
28  34.4  49.8   16:36  26.2   08:03  30.6   0.0  0.00   0.5  10.0   12:59    NW
29  46.9  70.2   17:02  25.9   04:00  18.5   0.5  0.00   0.6  16.0   22:54   SSW
30  47.0  52.5   12:42  33.9   23:54  18.0   0.0  0.00   2.1  18.0   13:21    NE
31  31.6  37.2   13:25  25.0   05:55  33.3   0.0  0.00   0.0   5.0   12:31    SW
----------------------------------------------------------------------------------
    57.6  86.4    13    25.0    31   306.3  76.6  3.83   0.9  22.0    23     NNW

Max >=  80.0:  6
Max <=  32.0:  0
Min <=  32.0:  4
Min <=   0.0:  0
Max Rain: 1.25 on day 21
Days of Rain: 9 (>= 0.01 in)  5 (>= 0.10 in)  2 (>= 1.00 in)
Heat Base: 65.0  Cool Base: 65.0  Method: Integration