NOAA-Style Climate Reports

Select a Year or Month report
2017: Jan Feb Mar Apr May Jun Jul Aug Sep Oct Nov Dec
2016: Jan Feb Mar Apr May Jun Jul Aug Sep Oct Nov Dec

Report for 2017 September
                   Monthly Climatological Summary for Sep 2017

Name: Weather South Central Topeka   City: Topeka   State: KS
Elevation: 278 m  Lat: N 39° 01' 34"   Lon: W 095° 42' 31"

                  Temperature (°F), Rain (in), Wind Speed (mph)

                                      Heat  Cool        Avg
    Mean                              Deg   Deg         Wind                 Dom
Day Temp  High   Time   Low    Time   Days  Days  Rain  Speed High   Time    Dir
----------------------------------------------------------------------------------
 1  69.9  80.9   15:17  58.4   06:49   1.5   6.5  0.00   0.1   4.0   11:37   ESE
 2  75.0  89.0   17:32  61.0   07:11   0.4  10.4  0.00   0.1   6.0   22:29   WSW
 3  76.3  90.8   17:04  63.9   06:42   0.1  11.3  0.00   0.2   4.0   09:44    SW
 4  76.7  85.9   13:01  69.0   23:26   0.0  11.7  0.00   1.5  16.0   14:19   NNE
 5  66.3  75.0   15:47  52.5   23:59   2.0   3.3  0.00   1.6  15.0   13:31     N
 6  59.4  75.3   17:25  46.2   05:48   8.1   2.4  0.00   0.6  11.0   14:25     N
 7  63.9  84.9   17:48  46.4   06:51   6.6   5.5  0.00   0.2   5.0   11:08   SSW
 8  70.7  88.5   17:34  53.8   07:17   2.7   8.4  0.00   0.3  10.0   14:22     S
 9  70.9  86.0   16:56  55.2   07:09   2.2   8.2  0.00   0.0   4.0   10:52   SSW
10  71.8  84.9   17:45  59.7   07:15   1.0   7.7  0.00   0.0   2.0   08:52   ---
11  68.2  82.1   17:01  55.5   07:19   2.5   5.7  0.00   0.0   3.0   10:24   SSW
12  65.7  79.9   14:57  54.5   06:30   3.8   4.5  0.00   0.1   7.0   11:05   NNE
13  69.1  87.2   18:09  54.1   07:02   3.1   7.2  0.00   0.1   5.0   11:11     W
14  75.1  90.6   16:30  63.5   02:31   0.2  10.4  0.00   0.0   5.0   10:49     S
15  76.3  83.5   14:41  66.7   07:22   0.0  11.3  0.00   0.1   6.0   09:35   SSW
16  77.3  86.9   17:03  70.1   23:44   0.0  12.3  0.00   0.0   4.0   10:29     W
17  65.0  70.6   17:45  59.0   08:08   1.8   1.8  1.53   0.3   8.0   10:06   NNE
18  69.9  81.2   18:11  64.1   02:50   0.0   4.9  0.28   0.0   2.0   12:04   ---
19  77.3  89.3   16:14  65.5   06:10   0.0  12.3  0.00   0.0   5.0   09:53    SE
20  80.6  90.0   15:41  72.9   07:30   0.0  15.6  0.00   0.0   1.0   09:46   ---
21  81.8  91.0   16:37  73.7   02:57   0.0  16.8  0.00   0.0   8.0   14:04    SE
22  81.3  93.0   15:30  74.9   07:36   0.0  15.5  0.00   0.3  44.0   15:32    SE
23  78.5  89.5   16:57  67.1   06:55   0.0  13.4  0.00   0.0   6.0   09:55     S
24  77.7  89.0   15:43  66.8   06:26   0.0  12.3  0.03   0.3  14.0   11:30   SSE
25  73.3  86.3   13:36  66.0   23:49   0.0   8.3  0.54   0.4  58.0   07:40   NNW
26  63.2  66.2   00:46  60.0   23:43   2.0   0.2  0.03   0.6  10.0   10:42   NNW
27  60.4  67.9   16:56  53.2   23:57   5.0   0.4  0.00   0.8   8.0   04:59   NNE
28  60.3  77.4   17:58  47.1   07:25   7.3   2.7  0.00   0.2   6.0   12:52    NW
29  62.9  78.8   15:44  52.0   04:54   5.7   3.6  0.00   0.1   8.0   14:29    NE
30  67.1  80.5   16:35  53.8   01:07   2.8   4.9  0.00   0.0   5.0   09:15   ESE
----------------------------------------------------------------------------------
    71.1  93.0    22    46.2     6    58.8 239.5  2.41   0.3  58.0    25     NNE

Max >=  80.0: 22
Max <=  32.0:  0
Min <=  32.0:  0
Min <=   0.0:  0
Max Rain: 1.53 on day 17
Days of Rain: 5 (>= 0.01 in)  3 (>= 0.10 in)  1 (>= 1.00 in)
Heat Base: 65.0  Cool Base: 65.0  Method: Integration