NOAA-Style Climate Reports

Select a Year or Month report
2017: Jan Feb Mar Apr May Jun Jul Aug Sep Oct Nov Dec
2016: Jan Feb Mar Apr May Jun Jul Aug Sep Oct Nov Dec

Report for 2017 August
                   Monthly Climatological Summary for Aug 2017

Name: Weather South Central Topeka   City: Topeka   State: KS
Elevation: 278 m  Lat: N 39° 01' 34"   Lon: W 095° 42' 31"

                  Temperature (°F), Rain (in), Wind Speed (mph)

                                      Heat  Cool        Avg
    Mean                              Deg   Deg         Wind                 Dom
Day Temp  High   Time   Low    Time   Days  Days  Rain  Speed High   Time    Dir
----------------------------------------------------------------------------------
 1  72.6  86.7   19:01  61.1   06:33   0.9   8.5  0.00   0.5   8.0   14:32   NNE
 2  75.4  90.8   18:12  62.0   06:27   0.4  10.7  0.00   0.3  10.0   15:31     N
 3  73.7  81.4   14:08  65.8   07:30   0.0   8.7  0.01   1.5  15.0   05:36   NNW
 4  68.0  81.0   18:00  53.7   07:09   2.0   5.0  0.00   0.8  10.0   02:10   NNE
 5  65.4  71.8   14:54  59.2   09:27   1.3   1.7  1.31   0.9  13.0   20:13     E
 6  69.5  74.0   16:04  65.0   03:16   0.0   4.5  0.01   0.6   9.0   19:52   NNE
 7  70.3  79.6   17:51  61.8   05:55   0.5   5.8  0.00   0.8  13.0   14:05   NNE
 8  70.0  82.0   18:34  58.8   06:38   1.3   6.3  0.00   0.1   6.0   14:23     E
 9  71.4  84.7   14:14  59.0   05:44   1.4   7.8  0.00   0.2   5.0   12:39   SSW
10  75.8  88.0   14:15  64.6   06:45   0.0  10.8  0.41   0.2   6.0   14:16   WNW
11  72.6  82.8   17:20  63.2   23:57   0.0   7.6  0.42   1.1  12.0   16:33   NNE
12  69.9  82.0   17:41  58.5   06:16   1.5   6.5  0.00   0.5   9.0   16:09     E
13  72.8  85.4   16:46  59.6   06:32   1.0   8.8  0.00   0.4   8.0   12:43    SE
14  76.8  90.0   17:35  68.0   03:39   0.0  11.8  0.00   0.2   7.0   13:53     S
15  78.3  88.2   17:17  68.5   06:43   0.0  13.3  0.00   0.5   6.0   08:55    SE
16  76.5  84.7   15:16  68.1   10:55   0.0  11.5  0.16   0.4  12.0   08:53     W
17  74.5  88.4   18:24  65.1   06:45   0.0   9.4  0.00   0.7  13.0   13:08   WNW
18  76.8  92.2   16:26  63.3   02:17   0.2  12.0  0.00   0.4   9.0   12:22     W
19  79.7  94.7   17:05  64.5   07:00   0.0  14.7  0.00   0.4   6.0   13:35     E
20  82.1  92.6   15:11  69.0   06:33   0.0  17.1  0.02   1.2  12.0   04:50     E
21  80.9  92.2   16:49  71.0   22:29   0.0  15.9  0.03   0.6   9.0   10:05    SE
22  72.1  81.1   16:48  61.4   23:58   0.1   7.2  0.01   1.8  23.0   02:28   NNE
23  66.7  80.2   16:18  52.5   07:05   3.7   5.4  0.00   0.5  10.0   14:49    NE
24  69.0  80.5   17:08  56.3   06:42   2.4   6.4  0.00   0.5   8.0   15:29   ESE
25  72.2  82.7   13:17  63.5   02:54   0.2   7.4  0.00   0.6   8.0   14:13    SE
26  74.0  87.6   17:06  60.7   03:19   1.0   9.8  0.00   0.4   8.0   12:41     S
27  72.4  83.9   18:50   0.0   00:47   0.0   7.2  0.01   0.3  14.0   11:39   NNE
28  70.0  79.9   16:27  61.8   07:04   0.6   5.6  0.00   1.2  13.0   13:27   NNE
29  66.4  77.7   16:35  56.4   07:01   2.8   4.2  0.00   0.8  11.0   12:37   NNE
30  68.6  82.5   18:09  56.0   06:43   2.7   6.3  0.00   0.2   7.0   10:55    NE
31  69.4  81.9   17:02  58.1   06:40   1.7   6.1  0.00   0.0   4.0   09:22   NNE
----------------------------------------------------------------------------------
    72.7  94.7    19     0.0    27    25.7 264.0  2.39   0.6  23.0    22      NE

Max >=  80.0: 26
Max <=  32.0:  0
Min <=  32.0:  1
Min <=   0.0:  1
Max Rain: 1.31 on day 5
Days of Rain: 10 (>= 0.01 in)  4 (>= 0.10 in)  1 (>= 1.00 in)
Heat Base: 65.0  Cool Base: 65.0  Method: Integration