NOAA-Style Climate Reports

Select a Year or Month report
2017: Jan Feb Mar Apr May Jun Jul Aug Sep Oct Nov Dec
2016: Jan Feb Mar Apr May Jun Jul Aug Sep Oct Nov Dec

Report for 2017 July
                   Monthly Climatological Summary for Jul 2017

Name: Weather South Central Topeka   City: Topeka   State: KS
Elevation: 278 m  Lat: N 39° 01' 34"   Lon: W 095° 42' 31"

                  Temperature (°F), Rain (in), Wind Speed (mph)

                                      Heat  Cool        Avg
    Mean                              Deg   Deg         Wind                 Dom
Day Temp  High   Time   Low    Time   Days  Days  Rain  Speed High   Time    Dir
----------------------------------------------------------------------------------
 1  73.5  90.0   18:56  58.6   06:17   1.4   9.9  0.00   0.3   7.0   12:02     W
 2  78.0  90.6   15:54  64.3   06:01   0.0  13.0  0.00   0.2   4.0   11:59   SSE
 3  77.4  86.1   16:21  67.9   05:44   0.0  12.4  0.00   0.1   7.0   11:19   SSE
 4  74.0  79.6   16:20  67.9   06:26   0.0   9.0  0.09   0.1   4.0   11:13   ESE
 5  76.0  88.0   15:20  64.5   06:24   0.0  11.0  0.00   0.8  13.0   15:20   NNE
 6  79.8  94.9   18:04  65.4   06:03   0.0  14.8  0.00   0.4   6.0   13:22   WSW
 7  79.4  87.9   14:14  67.8   23:59   0.0  14.4  0.00   1.3  15.0   15:57   NNE
 8  76.0  90.4   19:01  61.0   06:10   0.7  11.7  0.00   0.4   6.0   11:50   SSE
 9  76.2  87.5   11:29  67.4   06:20   0.0   8.1  0.00   0.5   8.0   12:06     S
10  85.7  97.0   16:53  75.4   06:18   0.0  20.7  0.00   0.8   9.0   13:28   SSW
11  86.6  98.8   16:50  75.9   05:59   0.0  21.6  0.00   1.0  13.0   11:27   SSE
12  88.7 101.1   17:14  78.3   06:53   0.0  23.7  0.00   0.6   8.0   02:29     S
13  80.2  92.9   15:25  69.9   18:39   0.0  14.4  2.61   0.9  20.0   17:17     E
14  78.6  90.1   18:06  70.4   00:55   0.0  13.6  0.00   0.1   6.0   18:34   NNE
15  81.0  91.6   18:11  71.2   05:59   0.0  16.0  0.00   0.2   8.0   16:06     E
16  81.0  94.2   19:14  68.6   06:09   0.0  16.0  0.00   0.3   5.0   14:00    SE
17  81.7  95.1   17:50  66.2   06:34   0.0  16.7  0.00   0.3   5.0   12:51     S
18  83.3  94.4   17:25  71.1   06:36   0.0  18.3  0.00   0.0   5.0   23:02    SE
19  85.1  97.2   16:00  76.5   05:52   0.0  20.1  0.00   0.2   8.0   09:57     E
20  88.9 101.0   17:40  77.5   06:48   0.0  23.9  0.00   0.2   9.0   10:16   SSE
21  89.5 101.8   17:43  77.7   06:23   0.0  24.5  0.00   0.2   9.0   10:25     S
22  87.6 102.6   16:00  72.0   23:54   0.0  22.5  0.55   0.6  17.0   18:53   WSW
23  81.4  94.9   18:01  69.3   06:31   0.0  16.5  0.05   0.2   8.0   11:49   NNE
24  81.8  91.1   16:23  72.7   05:26   0.0  16.8  0.00   0.3   8.0   11:46    NE
25  84.1  97.3   17:18  70.8   06:18   0.0  19.1  0.00   0.1   5.0   10:54   SSE
26  77.5  82.9   00:00  74.1   11:29   0.0  12.5  2.43   0.2   5.0   14:46    NE
27  78.7  86.3   18:16  74.5   03:40   0.0  13.7  0.10   0.5   8.0   12:58   NNE
28  76.9  85.7   16:43  67.9   23:53   0.0  11.9  0.00   0.1   8.0   10:45   NNE
29  73.8  83.2   16:32  65.1   06:32   0.0   8.8  0.00   0.5  10.0   13:24   ENE
30  72.1  83.2   16:48  60.7   05:20   0.9   7.9  0.00   0.5  12.0   14:22    NE
31  70.0  76.4   17:56  62.5   05:50   0.3   5.2  0.02   0.1   5.0   16:36     N
----------------------------------------------------------------------------------
    80.1 102.6    22    58.6     1     3.3 468.7  5.85   0.4  20.0    13     ESE

Max >=  80.0: 29
Max <=  32.0:  0
Min <=  32.0:  0
Min <=   0.0:  0
Max Rain: 2.61 on day 13
Days of Rain: 7 (>= 0.01 in)  4 (>= 0.10 in)  2 (>= 1.00 in)
Heat Base: 65.0  Cool Base: 65.0  Method: Integration