NOAA-Style Climate Reports

Select a Year or Month report
2017: Jan Feb Mar Apr May Jun Jul Aug Sep Oct Nov Dec
2016: Jan Feb Mar Apr May Jun Jul Aug Sep Oct Nov Dec

Report for 2017 June
                   Monthly Climatological Summary for Jun 2017

Name: Weather South Central Topeka   City: Topeka   State: KS
Elevation: 278 m  Lat: N 39° 01' 34"   Lon: W 095° 42' 31"

                  Temperature (°F), Rain (in), Wind Speed (mph)

                                      Heat  Cool        Avg
    Mean                              Deg   Deg         Wind                 Dom
Day Temp  High   Time   Low    Time   Days  Days  Rain  Speed High   Time    Dir
----------------------------------------------------------------------------------
 1  69.2  79.5   18:09  61.7   06:51   0.7   4.9  1.44   0.3   7.0   17:36   ESE
 2  74.9  86.7   16:32  62.0   06:17   0.3  10.2  0.00   0.4   6.0   11:26   SSE
 3  74.2  85.2   16:40  61.7   06:00   0.5   9.6  0.00   0.4   7.0   13:27   ESE
 4  73.4  83.8   12:36  67.5   05:25   0.0   8.4  0.14   0.2   7.0   12:01     N
 5  76.9  93.5   18:17  62.8   05:27   0.3  12.2  0.00   0.6  63.0   16:39     N
 6  72.1  83.2   15:36  60.5   05:58   0.7   7.8  0.00   0.9  12.0   13:29    NE
 7  69.2  82.1   15:52  55.0   06:22   2.5   6.8  0.00   0.5  11.0   11:06    NE
 8  69.7  84.9   17:32  54.3   06:10   3.0   7.8  0.00   0.4   6.0   14:47    SW
 9  73.9  88.8   17:59  57.6   05:52   1.9  10.9  0.00   0.5  55.0   16:10   SSW
10  78.6  89.3   17:44  67.8   06:29   0.0  13.6  0.00   1.7  15.0   10:26     S
11  81.8  92.5   16:34  72.2   06:30   0.0  16.8  0.00   2.0  16.0   14:20   SSE
12  82.4  92.7   17:48  71.9   05:02   0.0  17.4  0.00   1.1  10.0   09:00   SSE
13  83.1  91.6   16:29  73.6   06:15   0.0  18.1  0.00   1.5  14.0   14:02   SSE
14  82.1  94.1   18:40  69.2   06:36   0.0  17.1  0.30   0.7   9.0   05:11     S
15  78.9  94.9   16:30  66.6   04:56   0.0  13.9  0.26   1.0  17.0   22:59   SSE
16  81.0  93.2   16:56  65.3   06:38   0.0  16.0  0.00   0.6   9.0   00:04     S
17  78.3  94.3   17:40  67.1   03:51   0.0  13.3  2.67   1.3  24.0   00:28   SSW
18  72.5  82.8   18:15  62.1   23:34   0.1   7.6  0.21   1.3  14.0   12:09   WNW
19  72.9  87.5   15:29  60.9   01:50   0.7   8.6  0.01   0.4  10.0   12:37   WSW
20  80.1  94.8   16:52  66.4   07:12   0.0  15.1  0.00   0.5   8.0   12:59   WSW
21  83.1  93.3   16:27  73.6   06:01   0.0  18.1  0.00   0.9  10.0   14:43   SSW
22  80.8  90.9   17:37  69.9   06:06   0.0  15.8  0.00   0.7  13.0   14:01     S
23  75.4  80.3   17:49  61.4   23:57   0.1  10.5  0.01   2.3  20.0   05:10   NNE
24  68.6  80.9   17:16  54.8   06:04   2.5   6.0  0.00   0.7  11.0   15:50     N
25  65.9  76.7   12:45  55.9   23:09   1.8   2.7  0.03   0.7  10.0   08:40   NNE
26  64.1  76.1   16:19  53.3   04:26   3.6   2.7  0.21   1.0  14.0   11:00    NE
27  70.3  83.0   17:30  55.8   05:47   2.4   7.7  0.00   0.9  13.0   17:34    SE
28  81.6  92.0   15:52  73.1   07:08   0.0  16.6  0.00   1.5  12.0   18:26     S
29  76.0  84.1   15:10  65.4   09:52   0.0  11.0  2.24   0.3  10.0   05:50    SE
30  73.6  82.8   17:20  63.2   23:56   0.0   8.6  0.43   0.6   8.0   02:35    NW
----------------------------------------------------------------------------------
    75.5  94.9    15    53.3    26    21.1 335.8  7.95   0.9  63.0     5     SSE

Max >=  80.0: 27
Max <=  32.0:  0
Min <=  32.0:  0
Min <=   0.0:  0
Max Rain: 2.67 on day 17
Days of Rain: 12 (>= 0.01 in)  9 (>= 0.10 in)  3 (>= 1.00 in)
Heat Base: 65.0  Cool Base: 65.0  Method: Integration