NOAA-Style Climate Reports

Select a Year or Month report
2017: Jan Feb Mar Apr May Jun Jul Aug Sep Oct Nov Dec
2016: Jan Feb Mar Apr May Jun Jul Aug Sep Oct Nov Dec

Report for 2017 May
                   Monthly Climatological Summary for May 2017

Name: Weather South Central Topeka   City: Topeka   State: KS
Elevation: 278 m  Lat: N 39° 01' 34"   Lon: W 095° 42' 31"

                  Temperature (°F), Rain (in), Wind Speed (mph)

                                      Heat  Cool        Avg
    Mean                              Deg   Deg         Wind                 Dom
Day Temp  High   Time   Low    Time   Days  Days  Rain  Speed High   Time    Dir
----------------------------------------------------------------------------------
 1  48.8  65.6   18:47  38.7   04:56  16.2   0.0  0.06   2.0  18.0   10:07     W
 2  58.1  69.7   17:01  48.6   00:00   7.4   0.5  0.02   0.1   7.0   00:29     W
 3  51.9  57.8   16:35  41.4   23:57  13.1   0.0  0.36   0.7  12.0   16:26   ENE
 4  55.4  70.1   17:21  38.4   03:57  10.4   0.9  0.01   0.3  12.0   10:38     N
 5  59.7  77.5   18:36  41.0   06:41   8.5   3.2  0.00   0.2   8.0   11:34   WNW
 6  64.7  82.2   17:33  46.5   06:24   6.3   6.0  0.00   0.2  10.0   09:24   WNW
 7  68.6  86.8   17:06  49.5   05:49   4.5   8.2  0.00   0.0   1.0   20:48   ---
 8  72.7 112.5   11:33  57.9   05:24   1.3   8.6  0.00   0.4  12.0   14:00   SSW
 9  73.8  87.4   17:08  58.4   06:58   0.8   9.7  0.00   0.4   7.0   09:49    SW
10  71.4  78.4   11:55  66.2   04:50   0.0   6.4  0.13   0.6  10.0   10:17   SSW
11  64.5  67.9   17:21  60.5   11:59   1.1   0.6  0.16   1.6  14.0   11:26   NNE
12  63.4  74.9   17:36  51.0   23:56   4.2   2.6  0.00   1.9  15.0   09:58   NNE
13  63.6  80.0   16:47  43.5   06:31   6.9   5.5  0.00   0.7   9.0   12:37     S
14  71.8  86.6   17:08  57.1   01:37   2.2   9.0  0.00   1.2  15.0   13:30     S
15  77.7  90.1   16:55  65.3   06:29   0.0  12.7  0.00   1.1  11.0   14:23     S
16  77.0  86.3   15:26  69.7   05:17   0.0  12.0  0.00   2.0  14.0   16:24   SSE
17  72.4  80.1   18:12  62.4   23:58   0.1   7.5  0.15   2.4  20.0   14:23   SSW
18  65.0  78.6   16:18  54.5   06:11   2.7   2.7  1.93   1.8  17.0   21:11   NNE
19  63.9  67.5   10:22  59.5   04:34   1.7   0.7  1.76   1.1  11.0   16:17     E
20  58.3  64.3   01:14  49.6   23:54   6.7   0.0  0.10   1.7  16.0   16:14   WSW
21  57.0  73.6   18:30  42.1   06:19   9.7   1.6  0.00   1.2  14.0   15:06     W
22  59.1  72.7   14:04  50.2   01:25   6.5   0.7  0.13   0.3  14.0   14:40     W
23  57.4  65.9   13:29  53.0   06:57   7.6   0.0  0.05   1.3  16.0   10:53    NW
24  57.6  70.6   18:24  47.5   05:53   8.1   0.6  0.00   1.4  14.0   10:46   NNW
25  63.7  79.7   17:32  44.4   05:54   6.4   5.1  0.00   1.0  11.0   11:53    SE
26  72.8  86.0   17:43  60.4   06:37   0.6   8.4  0.11   0.8  14.0   02:09     N
27  67.4  77.9   18:14  60.3   07:49   1.0   3.5  0.38   0.9  19.0   07:06     N
28  70.0  82.8   18:25  58.4   06:46   1.5   6.4  0.00   1.1  11.0   14:45     W
29  68.5  83.0   17:31  54.5   03:15   2.7   6.2  0.00   0.9  11.0   07:19    NW
30  67.7  85.3   17:03  49.5   05:38   4.4   7.2  0.00   0.7  13.0   13:27   WSW
31  65.3  77.6   18:35  54.5   05:58   2.9   3.3  0.22   0.5  10.0   11:27   ENE
----------------------------------------------------------------------------------
    64.8 112.5     8    38.4     4   145.5 139.8  5.57   1.0  20.0    17       W

Max >=  80.0: 13
Max <=  32.0:  0
Min <=  32.0:  0
Min <=   0.0:  0
Max Rain: 1.93 on day 18
Days of Rain: 15 (>= 0.01 in)  11 (>= 0.10 in)  2 (>= 1.00 in)
Heat Base: 65.0  Cool Base: 65.0  Method: Integration