NOAA-Style Climate Reports

Select a Year or Month report
2017: Jan Feb Mar Apr May Jun Jul Aug Sep Oct Nov Dec
2016: Jan Feb Mar Apr May Jun Jul Aug Sep Oct Nov Dec

Report for 2017 March
                   Monthly Climatological Summary for Mar 2017

Name: Weather South Central Topeka   City: Topeka   State: KS
Elevation: 278 m  Lat: N 39° 01' 34"   Lon: W 095° 42' 31"

                  Temperature (°F), Rain (in), Wind Speed (mph)

                                      Heat  Cool        Avg
    Mean                              Deg   Deg         Wind                 Dom
Day Temp  High   Time   Low    Time   Days  Days  Rain  Speed High   Time    Dir
----------------------------------------------------------------------------------
 1  41.4  53.2   16:06  26.7   23:53  23.6   0.0  0.00   2.6  17.0   14:09   WNW
 2  39.4  55.0   13:54  21.6   05:01  25.6   0.0  0.00   0.1   6.0   08:09   WSW
 3  45.6  66.2   17:30  26.2   04:52  19.4   0.0  0.00   0.4  16.0   11:54   ESE
 4  60.1  71.6   14:07  48.1   06:06   6.2   1.4  0.00   0.0   1.0   05:17   ---
 5  57.8  62.5   17:25  54.2   07:14   6.8   0.0  0.00   0.0   7.0   11:49     S
 6  63.8  79.0   15:13  45.1   23:59   4.8   3.6  0.24   1.8  25.0   23:01     W
 7  47.5  61.9   16:06  35.5   06:48  17.5   0.0  0.00   3.4  24.0   14:40     W
 8  49.5  70.6   16:16  30.9   02:58  16.3   0.8  0.00   1.1  13.0   16:30    SW
 9  48.6  68.3   13:15  33.6   05:00  16.5   0.1  0.00   2.7  25.0   22:51   NNE
10  35.4  43.0   15:26  26.2   07:02  29.6   0.0  0.00   3.6  17.0   02:38    NE
11  31.4  36.6   00:00  27.3   23:57  33.6   0.0  0.01   1.6  12.0   06:22    NE
12  32.7  43.2   18:33  21.8   08:03  31.0   0.0  0.10   1.3  13.0   18:33     S
13  30.8  40.4   00:33  25.7   23:56  34.2   0.0  0.04   3.5  20.0   06:06   NNW
14  26.3  31.5   17:17  22.1   23:52  38.0   0.0  0.00   1.9  12.0   02:17    NE
15  29.2  38.7   15:14  20.0   02:57  35.4   0.0  0.01   1.3  10.0   13:35    SE
16  50.7  71.8   16:57  30.8   05:05  15.3   1.0  0.00   2.4  15.0   16:23   SSE
17  61.0  72.2   17:08  47.5   23:20   5.5   1.5  0.00   2.3  16.0   10:52   NNE
18  53.1  65.2   17:12  37.4   07:24  11.9   0.0  0.00   1.3  11.0   13:54    NE
19  70.3  90.0   17:15  52.8   06:23   4.1   9.4  0.00   2.6  16.0   15:40     S
20  69.2  79.1   15:35  54.2   07:41   1.2   5.4  0.00   2.7  14.0   13:35   NNE
21  54.8  62.6   14:32  46.1   23:56  10.2   0.0  0.00   4.2  24.0   14:56    NE
22  49.1  59.0   15:27  38.9   07:31  15.9   0.0  0.00   3.2  14.0   14:34     E
23  64.7  80.4   16:06  50.4   04:44   5.1   4.9  0.00   3.7  22.0   14:33   SSE
24  66.1  71.8   16:05  52.1   23:55   1.5   2.6  0.17   2.4  13.0   00:35   SSE
25  46.2  52.3   00:11  43.1   08:21  18.7   0.0  0.83   1.8  14.0   01:07     N
26  47.3  53.6   16:21  43.4   07:26  17.7   0.0  0.57   0.9  10.0   21:25     N
27  50.0  57.4   17:43  45.1   04:59  15.0   0.0  0.77   1.9  11.0   13:26   NNE
28  51.8  55.8   14:25  43.8   07:30  13.2   0.0  0.00   1.3  14.0   22:59   ENE
29  53.0  59.7   17:46  49.1   09:36  12.0   0.0  3.21   2.7  22.0   05:23   ENE
30  47.2  53.3   00:00  44.0   23:59  17.8   0.0  0.08   1.3  14.0   09:46     N
31  46.3  49.9   14:50  43.1   07:41  18.7   0.0  0.00   0.9  10.0   12:18   NNE
----------------------------------------------------------------------------------
    49.0  90.0    19    20.0    15   522.3  30.7  6.03   2.0  25.0     6      NE

Max >=  80.0:  2
Max <=  32.0:  1
Min <=  32.0: 11
Min <=   0.0:  0
Max Rain: 3.21 on day 29
Days of Rain: 11 (>= 0.01 in)  7 (>= 0.10 in)  1 (>= 1.00 in)
Heat Base: 65.0  Cool Base: 65.0  Method: Integration