NOAA-Style Climate Reports

Select a Year or Month report
2017: Jan Feb Mar Apr May Jun Jul Aug Sep Oct Nov Dec
2016: Jan Feb Mar Apr May Jun Jul Aug Sep Oct Nov Dec

Report for 2017 January
                   Monthly Climatological Summary for Jan 2017

Name: Weather South Central Topeka   City: Topeka   State: KS
Elevation: 278 m  Lat: N 39° 01' 34"   Lon: W 095° 42' 31"

                  Temperature (°F), Rain (in), Wind Speed (mph)

                                      Heat  Cool        Avg
    Mean                              Deg   Deg         Wind                 Dom
Day Temp  High   Time   Low    Time   Days  Days  Rain  Speed High   Time    Dir
----------------------------------------------------------------------------------
 1  31.8  46.1   16:23  17.9   06:16  32.5   0.0  0.00   0.9  10.0   15:41     E
 2  46.1  50.0   14:54  39.2   00:00  18.9   0.0  0.16   0.9  15.0   23:02     E
 3  27.3  40.9   00:00  16.1   23:57  37.5   0.0  0.00   2.8  19.0   13:15     N
 4  15.9  22.2   13:48  10.3   07:46  49.1   0.0  0.00   1.5  12.0   18:42   NNE
 5  11.0  16.5   14:20   4.9   23:39  53.8   0.0  0.00   0.9  11.0   14:30   NNW
 6   6.1  17.0   15:56  -2.5   04:37  58.9   0.0  0.00   0.3   7.0   13:38    NW
 7  11.6  25.1   15:11   0.5   07:53  53.4   0.0  0.00   0.6  11.0   12:44    NW
 8  23.6  39.5   15:37   4.1   02:16  41.4   0.0  0.02   1.4  12.0   13:47   SSE
 9  34.6  46.7   15:37  18.4   05:38  30.4   0.0  0.05   1.5  14.0   23:39     S
10  42.8  52.9   06:32  27.9   23:21  22.2   0.0  0.02   2.7  20.0   10:26   WSW
11  38.9  61.7   12:56  20.7   23:59  26.1   0.0  0.00   3.0  18.0   20:32     N
12  20.8  28.0   14:49  14.9   07:43  44.2   0.0  0.00   2.1  14.0   01:18     N
13  23.7  27.0   16:28  19.2   01:54  41.3   0.0  0.00   1.5  14.0   07:21    NE
14  30.2  35.5   15:01  26.2   00:00  34.8   0.0  0.00   0.8   8.0   09:47   NNE
15  31.6  32.5   14:10  29.8   05:53  33.4   0.0  0.00   0.5   7.0   19:06   ENE
16  37.7  48.0   13:18  32.4   00:00  27.3   0.0  0.40   1.5  10.0   22:37   WSW
17  35.8  46.7   15:59  26.0   23:58  29.2   0.0  0.00   0.9   9.0   09:40     W
18  38.0  56.1   15:30  24.2   05:44  26.2   0.0  0.01   0.8  10.0   14:01   SSE
19  45.1  47.6   14:27  40.2   00:00  19.9   0.0  0.01   0.6   8.0   13:46    SE
20  46.4  51.7   15:18  39.0   23:02  18.6   0.0  0.00   0.2   6.0   12:28   ESE
21  43.6  57.0   15:27  30.2   07:18  21.4   0.0  0.06   0.5   7.0   12:37   SSW
22  40.8  46.6   03:06  30.1   23:58  24.2   0.0  0.00   1.7  16.0   14:11     N
23  31.8  42.4   16:21  22.9   06:50  33.2   0.0  0.00   0.6   8.0   13:34   ENE
24  41.0  55.7   16:07  30.8   00:59  23.7   0.0  0.03   2.1  17.0   11:37     E
25  33.7  39.5   00:00  28.3   23:57  31.3   0.0  0.00   3.4  17.0   11:31     W
26  29.6  38.5   16:02  23.4   21:38  35.4   0.0  0.00   1.8  13.0   14:57   WNW
27  34.1  46.9   15:56  23.4   07:44  30.8   0.0  0.00   2.6  20.0   16:24     W
28  38.7  48.7   15:14  28.9   07:19  26.3   0.0  0.00   2.6  17.0   13:53     W
29  40.6  52.4   15:32  29.8   23:59  24.4   0.0  0.00   1.7  15.0   14:50   WNW
30  42.7  63.7   16:10  24.7   07:19  22.3   0.0  0.00   1.1  17.0   13:49     W
31  39.5  50.4   14:56  26.9   07:30  25.5   0.0  0.00   0.9   9.0   15:49   NNE
----------------------------------------------------------------------------------
    32.7  63.7    30    -2.5     6   997.6   0.0  0.76   1.4  20.0    10      NW

Max >=  80.0:  0
Max <=  32.0:  6
Min <=  32.0: 27
Min <=   0.0:  1
Max Rain: 0.40 on day 16
Days of Rain: 9 (>= 0.01 in)  2 (>= 0.10 in)  0 (>= 1.00 in)
Heat Base: 65.0  Cool Base: 65.0  Method: Integration