NOAA-Style Climate Reports

Select a Year or Month report
2017: Jan Feb Mar Apr May Jun Jul Aug Sep Oct Nov Dec
2016: Jan Feb Mar Apr May Jun Jul Aug Sep Oct Nov Dec

Report for 2016 December
                   Monthly Climatological Summary for Dec 2016

Name: Weather South Central Topeka   City: Topeka   State: KS
Elevation: 278 m  Lat: N 39° 01' 34"   Lon: W 095° 42' 31"

                  Temperature (°F), Rain (in), Wind Speed (mph)

                                      Heat  Cool        Avg
    Mean                              Deg   Deg         Wind                 Dom
Day Temp  High   Time   Low    Time   Days  Days  Rain  Speed High   Time    Dir
----------------------------------------------------------------------------------
 1  32.5  45.7   15:56  24.2   07:38  32.5   0.0  0.00   0.7   9.0   09:44     W
 2  33.1  49.9   15:22  20.4   06:17  29.2   0.0  0.00   0.4   7.0   11:49    NE
 3  38.1  48.1   14:58   0.0   00:32  24.2   0.0  0.16   0.3   8.0   11:25     E
 4  37.5  40.9   09:42  28.9   23:29  26.9   0.0  0.54   0.5   8.0   10:26     W
 5  39.8  52.3   15:43  29.7   00:00  24.8   0.0  0.02   1.0  13.0   14:42   SSE
 6  33.1  40.0   01:59  24.9   21:37  31.9   0.0  0.00   1.5  17.0   02:27   NNW
 7  27.1  31.6   02:09  20.3   23:42  37.8   0.0  0.00   1.1  10.0   15:00     N
 8  19.7  27.5   14:59  13.1   23:32  45.3   0.0  0.00   1.2  13.0   13:57   WNW
 9  20.2  27.6   14:42   9.0   05:34  42.7   0.0  0.00   0.6   7.0   11:08    SE
10  31.0  38.1   23:19  19.9   02:21  32.7   0.0  0.00   1.0  11.0   13:06    SE
11  37.8  44.8   09:23  21.7   23:57  27.2   0.0  0.01   1.2  12.0   14:34   NNW
12  24.8  33.5   15:04  14.2   07:30  40.2   0.0  0.00   0.4   7.0   12:56   SSE
13  20.9  29.0   01:31  12.5   23:58  42.1   0.0  0.00   2.1  17.0   09:00   NNE
14  21.4  29.3   15:33  11.6   02:17  43.5   0.0  0.00   1.1  12.0   13:36     N
15  24.8  28.1   14:56  21.0   08:13  40.2   0.0  0.00   1.5  12.0   15:24   ESE
16  30.8  32.6   20:50  26.7   00:00  34.2   0.0  0.01   2.0  12.0   08:35     E
17  15.3  30.2   00:00   1.3   23:59  49.7   0.0  0.00   2.2  17.0   10:35     N
18   0.3  11.4   15:46 -11.2   07:26  64.7   0.0  0.00   0.2   5.0   00:30   WSW
19  12.6  28.9   15:05  -4.5   02:40  52.4   0.0  0.00   0.8  11.0   14:08     S
20  27.5  40.9   15:19  16.8   07:46  37.5   0.0  0.07   0.5   8.0   02:39    SW
21  35.6  51.1   16:11  21.4   07:39  29.4   0.0  0.03   0.6  10.0   14:40   WNW
22  34.5  43.1   15:13  23.0   08:11  30.4   0.0  0.00   0.3   6.0   01:48     W
23  39.5  53.1   15:48  27.4   23:58  25.5   0.0  0.10   1.5  15.0   11:55     S
24  33.7  43.1   12:08  21.5   07:56  31.3   0.0  0.00   0.8  10.0   10:46   ESE
25  51.4  66.9   16:08  41.9   02:16  13.1   0.1  0.43   2.8  21.0   16:14   SSE
26  37.2  46.7   14:06  23.8   23:58  27.8   0.0  0.00   1.3  18.0   13:31     W
27  33.1  51.8   15:23  19.2   07:57  31.9   0.0  0.00   0.5   8.0   14:20     S
28  37.2  55.2   15:00  22.9   07:54  27.8   0.0  0.00   0.7  11.0   14:43   WNW
29  37.4  48.3   15:17  25.9   23:59  27.6   0.0  0.00   2.2  21.0   13:37     W
30  40.3  59.2   14:32  19.7   06:04  24.7   0.0  0.00   2.5  23.0   13:05    SW
31  35.2  45.0   00:00  20.6   23:58  29.8   0.0  0.00   1.0  13.0   11:01     N
----------------------------------------------------------------------------------
    30.4  66.9    25   -11.2    18  1059.0   0.1  1.37   1.1  23.0    30       W

Max >=  80.0:  0
Max <=  32.0:  9
Min <=  32.0: 30
Min <=   0.0:  3
Max Rain: 0.54 on day 4
Days of Rain: 9 (>= 0.01 in)  4 (>= 0.10 in)  0 (>= 1.00 in)
Heat Base: 65.0  Cool Base: 65.0  Method: Integration