NOAA-Style Climate Reports

Select a Year or Month report
2018: Jan Feb Mar Apr May Jun Jul Aug Sep Oct Nov Dec
2017: Jan Feb Mar Apr May Jun Jul Aug Sep Oct Nov Dec
2016: Jan Feb Mar Apr May Jun Jul Aug Sep Oct Nov Dec

Report for 2018 May
                   Monthly Climatological Summary for May 2018

Name: Weather South Central Topeka   City: Topeka   State: KS
Elevation: 278 m  Lat: N 39° 01' 34"   Lon: W 095° 42' 31"

                  Temperature (°F), Rain (in), Wind Speed (mph)

                                      Heat  Cool        Avg
    Mean                              Deg   Deg         Wind                 Dom
Day Temp  High   Time   Low    Time   Days  Days  Rain  Speed High   Time    Dir
----------------------------------------------------------------------------------
 1  71.9  77.5   14:19  66.7   06:37   0.0   6.9  0.00   2.2  14.0   15:10   SSE
 2  72.2  84.7   14:32  61.4   23:32   0.5   7.7  1.67   1.2  22.0   19:11     S
 3  68.4  82.9   14:05  57.7   23:58   2.4   5.8  0.33   0.4  13.0   22:26   SSE
 4  66.0  80.4   17:13  54.7   06:37   3.5   4.4  0.00   0.4  10.0   09:51    NW
 5  68.4  87.3   17:33  48.1   06:24   4.5   7.9  0.00   0.2   8.0   10:40     W
 6  71.6  86.1   14:00  53.0   06:08   2.3   8.9  0.00   0.0   5.0   03:57     S
 7  73.6  87.4   16:28  56.5   07:03   0.9   9.5  0.00   0.0   4.0   05:02   ENE
 8  76.5  87.4   14:19  64.1   06:28   0.0  11.6  0.00   0.2   7.0   18:21    SE
 9  74.5  88.4   17:42  59.2   06:42   0.6  10.1  0.00   0.3   9.0   10:28     W
10  75.9  90.2   16:26  61.6   06:52   0.5  11.5  0.00   0.1   9.0   21:30    SE
11  77.2  84.8   13:10  68.2   07:32   0.0  12.2  0.00   0.4  11.0   10:24     S
12  78.4  86.6   13:18  71.7   05:05   0.0  10.5  0.00   1.0  12.0   13:22     S
13  80.0  92.3   18:05  63.8   06:25   0.0  15.0  0.00   0.3  11.0   11:29     S
14  76.1  88.3   15:35  66.7   23:55   0.0  11.1  0.38   0.4  11.0   13:12   ENE
15  70.7  80.2   17:18  63.3   03:47   0.2   5.9  0.00   0.6   9.0   17:39     N
16  70.6  87.8   18:38  58.3   06:31   1.6   7.2  0.07   0.2   6.0   10:09   NNE
17  70.4  86.4   17:02  56.3   06:02   2.4   7.8  0.00   0.0   4.0   11:29   ---
18  71.9  85.8   18:27  55.6   06:16   2.2   9.1  0.00   0.0   2.0   08:26   ---
19  70.9  82.6   16:19  64.2   07:36   0.1   6.0  0.45   0.1   7.0   12:59   WNW
20  65.2  69.9   11:41  59.5   23:18   1.0   1.1  0.60   0.0   4.0   11:02     N
21  65.6  80.3   17:51  57.4   06:44   2.9   3.5  0.00   0.4   7.0   06:17     W
22  73.7  87.8   17:12  58.3   06:43   1.5  10.3  0.00   0.0   5.0   10:00     S
----------------------------------------------------------------------------------
    72.3  92.3    13    48.1     5    27.1 184.0  3.50   0.4  22.0     2       S

Max >=  80.0: 20
Max <=  32.0:  0
Min <=  32.0:  0
Min <=   0.0:  0
Max Rain: 1.67 on day 2
Days of Rain: 6 (>= 0.01 in)  5 (>= 0.10 in)  1 (>= 1.00 in)
Heat Base: 65.0  Cool Base: 65.0  Method: Integration