NOAA-Style Climate Reports

Select a Year or Month report
2018: Jan Feb Mar Apr May Jun Jul Aug Sep Oct Nov Dec
2017: Jan Feb Mar Apr May Jun Jul Aug Sep Oct Nov Dec
2016: Jan Feb Mar Apr May Jun Jul Aug Sep Oct Nov Dec

Report for 2018 October
                   Monthly Climatological Summary for Oct 2018

Name: Weather South Central Topeka   City: Topeka   State: KS
Elevation: 278 m  Lat: N 39° 01' 34"   Lon: W 095° 42' 31"

                  Temperature (°F), Rain (in), Wind Speed (mph)

                                      Heat  Cool        Avg
    Mean                              Deg   Deg         Wind                 Dom
Day Temp  High   Time   Low    Time   Days  Days  Rain  Speed High   Time    Dir
----------------------------------------------------------------------------------
 1  71.7  83.6   16:06  60.5   23:37   0.3   7.0  0.00   0.5  11.0   17:44   ESE
 2  72.5  89.1   17:04  57.8   04:46   2.3   9.8  0.00   0.3   8.0   14:16   SSE
 3  81.1  92.2   15:39  70.9   23:59   0.0  16.1  0.00   1.3  17.0   22:23   SSE
 4  59.3  70.9   00:00  50.3   08:17   6.0   0.3  0.00   2.0  15.0   05:54    NE
 5  66.0  84.5   18:00  54.8   01:30   3.7   4.7  0.01   0.1  10.0   23:40   ENE
 6  53.9  69.6   00:00  49.9   09:27  11.3   0.2  2.29   1.2  13.0   04:41    NE
 7  56.8  62.2   17:42  51.8   00:00   8.2   0.0  1.45   0.1   6.0   04:12   NNE
 8  67.7  79.9   15:17  61.5   00:00   0.4   3.2  1.21   0.2   9.0   15:44    SE
 9  66.2  72.2   15:35  56.4   23:57   0.7   1.9  0.55   0.4  10.0   14:57   ESE
10  51.7  56.4   00:00  48.7   23:59  13.3   0.0  0.03   0.6  11.0   21:23   WSW
11  47.4  55.6   16:41  38.0   05:59  17.6   0.0  0.00   0.6  14.0   01:49    NW
12  48.3  51.1   14:54  41.8   23:59  16.5   0.0  0.35   0.0   3.0   05:01   ESE
13  47.6  58.7   15:05  38.5   02:49  17.4   0.0  0.01   0.1   7.0   15:45   ESE
14  44.0  52.3   10:40  33.8   22:43  21.0   0.0  0.24   1.2  14.0   13:36    NE
15  36.7  46.6   17:03  30.3   23:58  28.2   0.0  0.17   0.3  12.0   10:20     N
16  44.0  65.2   17:00  28.6   05:25  20.1   0.0  0.01   0.2   6.0   13:35   WSW
17  50.4  68.1   15:32  36.7   07:05  15.1   0.5  0.00   0.4   9.0   13:54   NNE
18  52.2  68.0   15:40  38.7   07:33  13.1   0.4  0.00   0.2   6.0   15:43    SE
----------------------------------------------------------------------------------
    56.5  92.2     3    28.6    16   195.2  44.1  6.32   0.5  17.0     3     ENE

Max >=  80.0:  4
Max <=  32.0:  0
Min <=  32.0:  2
Min <=   0.0:  0
Max Rain: 2.29 on day 6
Days of Rain: 11 (>= 0.01 in)  7 (>= 0.10 in)  3 (>= 1.00 in)
Heat Base: 65.0  Cool Base: 65.0  Method: Integration